{"id":12,"date":"2018-01-02T11:06:00","date_gmt":"2018-01-02T11:06:00","guid":{"rendered":"http:\/\/lamaisonauboisdebout.xyz\/home\/?page_id=12"},"modified":"2018-01-02T11:39:58","modified_gmt":"2018-01-02T11:39:58","slug":"nous-vous-accueillons","status":"publish","type":"page","link":"https:\/\/lamaisonauboisdebout.xyz\/home\/nous-vous-accueillons\/","title":{"rendered":"Nous vous accueillons"},"content":{"rendered":"<p><span style=\"font-family: 'DejaVu Sans', serif;\"><span style=\"font-size: large;\"><i><b>Nous sommes vos h\u00f4tes&#8230;<\/b><\/i><\/span><\/span><\/p>\n<p><span style=\"font-family: 'DejaVu Sans', serif;\"><span style=\"font-size: medium;\">Catherine et Vincent CARBOU<\/span><\/span><\/p>\n<p><span style=\"font-family: 'DejaVu Sans', serif;\"><span style=\"font-size: medium;\">Nous avons commenc\u00e9 cette \u00ab\u00a0aventure\u00a0\u00bb il y a d\u00e9j\u00e0 6 ans, par l\u2019auto-construction de cette maison. Implant\u00e9e dans les Hautes-Alpes, nous l\u2019avons con\u00e7ue \u00e0 \u00e9nergie positive, convaincus de cette n\u00e9cessit\u00e9, dans l\u2019un des d\u00e9partements jusqu\u2019\u00e0 pr\u00e9sent les plus ensoleill\u00e9s de France.\u2026 Auto-construire, c\u2019est int\u00e9ressant, mais plut\u00f4t chronophage, surtout lorsque l\u2019on n\u2019est pas des m\u00e9tiers du b\u00e2timent, et pas tr\u00e8s malin, capable de d\u00e9monter le lendemain ce qui a \u00e9t\u00e9 construit la veille \u2026.. juste parce que l\u2019id\u00e9e du lendemain, semble meilleure que celle de la veille \u2026.. et ce n\u2019est pas toujours le cas \u2026. loin s\u2019en faut \u2026. Ce qui explique que \u00ab\u00a0La Maison AuBoisDebout\u00a0\u00bb, n\u2019est toujours pas termin\u00e9e \u2026\u2026. <\/span><\/span><\/p>\n<p><span style=\"font-family: 'DejaVu Sans', serif;\"><span style=\"font-size: medium;\">L\u2019id\u00e9e initiale \u00e9tait de pouvoir accueillir des vacanciers dans une maison simple et confortable, am\u00e9nag\u00e9e pour des vacances en famille. Vous nous direz si notre objectif est atteint\u2026\u2026<\/span><\/span><\/p>\n<p><span style=\"font-family: 'DejaVu Sans', serif;\"><span style=\"font-size: medium;\">Moniteur de ski, et accompagnateur en moyenne montagne, Vincent se fera un plaisir de vous conseiller les meilleurs &#8216;spots du moment&#8217;, et si vous le souhaitez de vous faire progresser en ski, alpin, fond ou randonn\u00e9e, de vous accompagner en raquette, et pourquoi pas, les nuits glaciales de pleine lune ou de temp\u00eate &#8230; une balade de quelques heures, pour se sentir vivre &#8230;&#8230;. en suivant les traces du blanchot, du renard, peut-\u00eatre du sanglier &#8230;.. nargu\u00e9s par la chouette &#8230;&#8230;..<\/span><\/span><\/p>\n<p><span style=\"font-family: 'DejaVu Sans', serif;\"><span style=\"font-size: medium;\">Autres saisons : nous saurons vous conseiller les meilleurs &#8216;spots&#8217; d&#8217;eau vive, de plan d&#8217;eau, de randonn\u00e9es et autres &#8216;coins&#8217; sympas et\/ou remarquables&#8230;&#8230; vous indiquer o\u00f9 aller, voir quoi (faune, flore, avifaune, etc. &#8230;) et si vous le souhaitiez, vous y accompagner, ou qui (producteurs de produits locaux, artisans remarquables, etc. &#8230;.)<\/span><\/span><\/p>\n<p>&nbsp;<\/p>\n<p>&nbsp;<\/p>\n<p><span style=\"font-family: 'DejaVu Sans', serif;\">Notre activit\u00e9 de loueur est d\u00e9clar\u00e9e\u00a0: N\u00b0 de SIRET 340 269 547 00048<\/span><\/p>\n","protected":false},"excerpt":{"rendered":"<p>Nous sommes vos h\u00f4tes&#8230; Catherine et Vincent CARBOU Nous avons commenc\u00e9 cette \u00ab\u00a0aventure\u00a0\u00bb il y a d\u00e9j\u00e0 6 ans, par l\u2019auto-construction de cette maison. Implant\u00e9e dans les Hautes-Alpes, nous l\u2019avons con\u00e7ue \u00e0 \u00e9nergie positive, convaincus de cette n\u00e9cessit\u00e9, dans l\u2019un des d\u00e9partements jusqu\u2019\u00e0 pr\u00e9sent les plus ensoleill\u00e9s de France.\u2026 Auto-construire, c\u2019est int\u00e9ressant, mais plut\u00f4t chronophage, [&hellip;]<\/p>\n","protected":false},"author":1,"featured_media":0,"parent":0,"menu_order":0,"comment_status":"closed","ping_status":"closed","template":"","meta":[],"_links":{"self":[{"href":"https:\/\/lamaisonauboisdebout.xyz\/home\/wp-json\/wp\/v2\/pages\/12"}],"collection":[{"href":"https:\/\/lamaisonauboisdebout.xyz\/home\/wp-json\/wp\/v2\/pages"}],"about":[{"href":"https:\/\/lamaisonauboisdebout.xyz\/home\/wp-json\/wp\/v2\/types\/page"}],"author":[{"embeddable":true,"href":"https:\/\/lamaisonauboisdebout.xyz\/home\/wp-json\/wp\/v2\/users\/1"}],"replies":[{"embeddable":true,"href":"https:\/\/lamaisonauboisdebout.xyz\/home\/wp-json\/wp\/v2\/comments?post=12"}],"version-history":[{"count":2,"href":"https:\/\/lamaisonauboisdebout.xyz\/home\/wp-json\/wp\/v2\/pages\/12\/revisions"}],"predecessor-version":[{"id":49,"href":"https:\/\/lamaisonauboisdebout.xyz\/home\/wp-json\/wp\/v2\/pages\/12\/revisions\/49"}],"wp:attachment":[{"href":"https:\/\/lamaisonauboisdebout.xyz\/home\/wp-json\/wp\/v2\/media?parent=12"}],"curies":[{"name":"wp","href":"https:\/\/api.w.org\/{rel}","templated":true}]}}